{"id":1434,"date":"2024-10-08T03:38:45","date_gmt":"2024-10-08T03:38:45","guid":{"rendered":"https:\/\/maynenkhiadong.com\/?post_type=product&#038;p=1434"},"modified":"2026-04-16T01:46:43","modified_gmt":"2026-04-16T01:46:43","slug":"dau-noi-cua-ingersoll-rand-connector-part-96758065","status":"publish","type":"product","link":"https:\/\/maynenkhiadong.com\/?product=dau-noi-cua-ingersoll-rand-connector-part-96758065","title":{"rendered":"\u0110\u1ea7u n\u1ed1i c\u1ee7a Ingersoll-Rand \/ Connector Part # 96758065"},"content":{"rendered":"<p><span style=\"font-family: arial, helvetica, sans-serif; font-size: 110%;\"><strong>T\u00ean<\/strong> : \u0110\u1ea7u n\u1ed1i c\u1ee7a Ingersoll-Rand \/ Connector <\/span><\/p>\n<p><span style=\"font-family: arial, helvetica, sans-serif; font-size: 110%;\"><strong>H\u00e3ng<\/strong> : Ingersoll-Rand<\/span><\/p>\n<p><span style=\"font-family: arial, helvetica, sans-serif; font-size: 110%;\"><strong>Part #<\/strong> 96758065<\/span><\/p>\n<p><strong>B\u00ean trong c\u00f3 :\u00a0<\/strong>1 \u0111\u1ea7u n\u1ed1i, 2 n\u00fat b\u1ea3o v\u1ec7 b\u1eb1ng nh\u1ef1a, 1 O-ring<\/p>\n<p><span style=\"font-family: arial, helvetica, sans-serif; font-size: 110%;\"><strong>D\u00f2ng m\u00e1y<\/strong> : RS 11-45kW<\/span><\/p>\n<p><span style=\"font-family: arial, helvetica, sans-serif; font-size: 110%;\"><strong>V\u1ecb tr\u00ed<\/strong> : N\u0103m \u1edf nhi\u1ec1u v\u1ecb tr\u00ed kh\u00e1c nhau, xem tr\u00ean s\u01a1 \u0111\u1ed3<\/span><\/p>\n<ul>\n<li><strong><em><span style=\"font-family: arial, helvetica, sans-serif; font-size: 110%;\">\u0110\u1ea7u n\u1ed1i c\u00f3 d\u1ea1ng Tube 0.75 x M27<\/span><\/em><\/strong><\/li>\n<li><em><strong>Xem th\u00eam tr\u00ean s\u00e1ch Part \u0111\u1ec3 n\u1eafm r\u00f5 v\u1ecb tr\u00ed l\u1eafp \u0111\u1eb3t<\/strong><\/em><\/li>\n<li><strong>N\u00ean thay th\u1ebf 3 n\u0103m\/l\u1ea7n \u0111\u1ec3 \u0111\u1ea3o b\u1ea3o kh\u00f4ng b\u1ecb r\u00f2 r\u1ec9.<\/strong><\/li>\n<\/ul>\n<p>&nbsp;<\/p>\n","protected":false},"excerpt":{"rendered":"<p>\u0110\u1ea7u n\u1ed1i b\u1eb1ng kim loai d\u00f9ng cho m\u00e1y n\u00e9n kh\u00ed Ingersoll-Rand RS 11-45kW<\/p>\n","protected":false},"featured_media":1441,"comment_status":"open","ping_status":"closed","template":"","meta":[],"product_cat":[101],"product_tag":[],"jetpack_sharing_enabled":true,"_links":{"self":[{"href":"https:\/\/maynenkhiadong.com\/index.php?rest_route=\/wp\/v2\/product\/1434"}],"collection":[{"href":"https:\/\/maynenkhiadong.com\/index.php?rest_route=\/wp\/v2\/product"}],"about":[{"href":"https:\/\/maynenkhiadong.com\/index.php?rest_route=\/wp\/v2\/types\/product"}],"replies":[{"embeddable":true,"href":"https:\/\/maynenkhiadong.com\/index.php?rest_route=%2Fwp%2Fv2%2Fcomments&post=1434"}],"wp:featuredmedia":[{"embeddable":true,"href":"https:\/\/maynenkhiadong.com\/index.php?rest_route=\/wp\/v2\/media\/1441"}],"wp:attachment":[{"href":"https:\/\/maynenkhiadong.com\/index.php?rest_route=%2Fwp%2Fv2%2Fmedia&parent=1434"}],"wp:term":[{"taxonomy":"product_cat","embeddable":true,"href":"https:\/\/maynenkhiadong.com\/index.php?rest_route=%2Fwp%2Fv2%2Fproduct_cat&post=1434"},{"taxonomy":"product_tag","embeddable":true,"href":"https:\/\/maynenkhiadong.com\/index.php?rest_route=%2Fwp%2Fv2%2Fproduct_tag&post=1434"}],"curies":[{"name":"wp","href":"https:\/\/api.w.org\/{rel}","templated":true}]}}