{"id":600,"date":"2023-04-10T07:33:08","date_gmt":"2023-04-10T07:33:08","guid":{"rendered":"http:\/\/maynenkhiadong.com\/?post_type=product&#038;p=600"},"modified":"2024-03-05T01:11:11","modified_gmt":"2024-03-05T01:11:11","slug":"bo-dieu-khien-may-nen-khi-ingersoll-rand-xe-90m-xe145m","status":"publish","type":"product","link":"https:\/\/maynenkhiadong.com\/?product=bo-dieu-khien-may-nen-khi-ingersoll-rand-xe-90m-xe145m","title":{"rendered":"B\u1ed8 \u0110I\u00caU KHI\u1ec2N M\u00c1Y N\u00c9N KH\u00cd INGERSOLL RAND XE 90M, XE145M"},"content":{"rendered":"<p>B\u1ed9 \u0111i\u00eau khi\u1ec3n XE 90M , XE145M<\/p>\n<p>B\u1ed9 \u0111i\u1ec1u khi\u1ec3n SG \u0111\u00e3 d\u1eebng s\u1ea3n xu\u1ea5t v\u00e0 ch\u00fang t\u00f4i cung c\u1ea5p gi\u1ea3i ph\u00e1p upgrade b\u1ed9 \u0111i\u1ec1u khi\u1ec3n l\u00ean m\u1ed9t th\u1ebf h\u1ec7 th\u00f4ng minh h\u01a1n.<\/p>\n<p>Xe Controller Retrofit Kit<\/p>\n<p>Retrofit kit is available now to upgrade traditional SG controller to Xe90\/145M. Please refer to below table for details.<\/p>\n<p>Model Old<br \/>\nController<\/p>\n<p>CCN New<br \/>\ncontroller<\/p>\n<p>CCN Software<br \/>\nCCN<\/p>\n<p>Retrofit Kit<br \/>\nCCN<\/p>\n<p>Sierra SG 39897095<\/p>\n<p>Xe145M<\/p>\n<p>23711288<\/p>\n<p>24474710 24474660<br \/>\nNirvana-OF SGNe 22136444 24474728 24474678<br \/>\nMr.ED SG 39875158 24474702 24474652<br \/>\nNirvana-CC SGNe 54642129 24474736 24474686<br \/>\nR90-160 FS SGv 23517972<br \/>\nXe90M<\/p>\n<p>23629512<\/p>\n<p>23748957 24061293<br \/>\nR90-160 VSD SGNev 23517980 23748965 24496788<\/p>\n<p>Retrofit kit includes Xe controller, plugs, gasket (if necessary), electrical schematics, instruction manual. In addition to this, please prepare following tools to perform this job.<\/p>\n<p>Flat tip screwdriver<br \/>\nAdjustable Wrench<br \/>\n10 MM Socket Wrench<br \/>\nPlease refer to instruction manual 80446669 for details. We recommend check controller software after installation. Use XE service tool to program the new controller and reconfigure the VSD drive if necessary.<\/p>\n","protected":false},"excerpt":{"rendered":"<p>B\u1ed9 \u0111i\u00eau khi\u1ec3n XE 90M , XE145M B\u1ed9 \u0111i\u1ec1u khi\u1ec3n SG \u0111\u00e3 d\u1eebng s\u1ea3n xu\u1ea5t v\u00e0 ch\u00fang t\u00f4i cung c\u1ea5p gi\u1ea3i ph\u00e1p upgrade b\u1ed9 \u0111i\u1ec1u khi\u1ec3n l\u00ean m\u1ed9t th\u1ebf h\u1ec7 th\u00f4ng minh h\u01a1n. Xe Controller Retrofit Kit Retrofit kit is available now to upgrade traditional SG controller to Xe90\/145M. Please refer to below table for [&#8230;]\n","protected":false},"featured_media":603,"comment_status":"open","ping_status":"closed","template":"","meta":[],"product_cat":[89],"product_tag":[70,137],"jetpack_sharing_enabled":true,"_links":{"self":[{"href":"https:\/\/maynenkhiadong.com\/index.php?rest_route=\/wp\/v2\/product\/600"}],"collection":[{"href":"https:\/\/maynenkhiadong.com\/index.php?rest_route=\/wp\/v2\/product"}],"about":[{"href":"https:\/\/maynenkhiadong.com\/index.php?rest_route=\/wp\/v2\/types\/product"}],"replies":[{"embeddable":true,"href":"https:\/\/maynenkhiadong.com\/index.php?rest_route=%2Fwp%2Fv2%2Fcomments&post=600"}],"wp:featuredmedia":[{"embeddable":true,"href":"https:\/\/maynenkhiadong.com\/index.php?rest_route=\/wp\/v2\/media\/603"}],"wp:attachment":[{"href":"https:\/\/maynenkhiadong.com\/index.php?rest_route=%2Fwp%2Fv2%2Fmedia&parent=600"}],"wp:term":[{"taxonomy":"product_cat","embeddable":true,"href":"https:\/\/maynenkhiadong.com\/index.php?rest_route=%2Fwp%2Fv2%2Fproduct_cat&post=600"},{"taxonomy":"product_tag","embeddable":true,"href":"https:\/\/maynenkhiadong.com\/index.php?rest_route=%2Fwp%2Fv2%2Fproduct_tag&post=600"}],"curies":[{"name":"wp","href":"https:\/\/api.w.org\/{rel}","templated":true}]}}